{"id":955,"date":"2017-05-03T16:25:00","date_gmt":"2017-05-03T21:25:00","guid":{"rendered":"https:\/\/www.geoportaligm.gob.ec\/portal\/?page_id=955"},"modified":"2019-01-04T09:22:47","modified_gmt":"2019-01-04T14:22:47","slug":"software-de-descargas","status":"publish","type":"page","link":"https:\/\/www.geoportaligm.gob.ec\/portal\/index.php\/descargas\/software-de-descargas\/","title":{"rendered":"Software para Descarga"},"content":{"rendered":"<style>\n.accordion { \n  list-style: none;\n  overflow: hidden;\n  margin: 0;\n  width: 70%px;\n  -moz-border-radius: 10px;\n  -webkit-border-radius: 10px;\n  -o-border-radius: 10px;\n  border-radius: 10px;\n}\n.accordion h2 { \n  color: #def;\n  font-size: 20px;\n  margin: 0 0 0.5em;\n  text-align: left;\n}\n.accordion li { \n  float: left;\n  overflow: hidden;\n  height: 210px; \n  width: 200px; \n  -moz-transition: all 0.2s ease-out;\n  -webkit-transition: all 0.2s ease-out;\n  -o-transition: all 0.2s ease-out;\n  transition: all 0.2s ease-out;\n  -moz-transition-delay: 0.15s;\n  -webkit-transition-delay: 0.15s;\n  -o-transition-delay: 0.15s;\n  transition-delay: 0.15s;\n}\n.accordion li:first-of-type { \n  -moz-border-radius: 10px 0 0 10px;\n  -webkit-border-radius: 10px 0 0 10px;\n  -o-border-radius: 10px 0 0 10px;\n  border-radius: 10px 0 0 10px;\n}\n.accordion li:last-of-type{ \n  -moz-border-radius: 0 10px 10px 0;\n  -webkit-border-radius: 0 10px 10px 0;\n  -o-border-radius: 0 10px 10px 0;\n  border-radius: 0 10px 10px 0;\n}\n.accordion div { \n  padding: 10px;\n}\n.accordion:hover li {\n  width: 100px;\n}\n.accordion li:hover {\n  width: 400px;\n   background-color: #f3f7ed;\n}\n.slide-01 {background:#536d2e; color:#FFF;}\n.slide-02 {background:#618036; color:#FFF;}\n.slide-03 {background:#6F923E; color:#FFF;}\n.slide-04 {background:#7DA446; color:#FFF;}\n.slide-05 {background:#8BB74E; color:#FFF;}\n.slide-06 {background:#96BE5F; color:#FFF;}\n.slide-07 {background:#A2C571; color:#FFF;}\n.slide-08 {background:#ADCC83; color:#FFF;}\n.slide-09 {background:#b9d394; color:#FFF;}\n.slide-10 {background:#c5dbab; color:#FFF;}\n.slide-11 {background:#d0e2b8; color:#FFF;}\n.slide-12 {background:#dce9c9; color:#FFF;}\n.slide-13 {background:#e7f0db; color:#FFF;}\n#vertical {  \n  height: auto;\n  width: 700px;\n}\n#vertical li { \n  height: 45px;\n  width: 100%;\n  -moz-transition: all 0.4s ease-out;\n  -webkit-transition: all 0.4s ease-out;\n  -o-transition: all 0.4s ease-out;\n  transition: all 0.4s ease-out;\n  -moz-transition-delay: 0.15s;\n  -webkit-transition-delay: 0.15s;\n  -o-transition-delay: 0.15s;\n  transition-delay: 0.15s;\n}\n#vertical li:first-of-type { \n  -moz-border-radius: 10px 10px 0 0;\n  -webkit-border-radius: 10px 10px 0 0;\n  -o-border-radius: 10px 10px 0 0;\n  border-radius: 10px 10px 0 0;\n}\n#vertical li:last-of-type { \n  -moz-border-radius: 0 0 10px 10px;\n  -webkit-border-radius: 0 0 10px 10px;\n  -o-border-radius: 0 0 10px 10px;\n  border-radius: 0 0 10px 10px;\n}\n#vertical:hover li {\n  height: 45px;\n  overflow: hidden;\n  width: 100%;\n}\n#vertical li:hover {\n  height: auto;\n  width: 100%;\n}\n<\/style>\n<p><body><\/p>\n<ul id=\"vertical\">\n<li>\n<h2>Sistema Operativo: <a style=\"color: #2f91f2;\" href=\"http:\/\/www.centos.org\/\">Centos Server<\/a><\/h2>\n<p>      El proyecto CentOS es un esfuerzo del software libre impulsado por la comunidad centrada en ofrecer un robusto ecosistema de c\u00f3digo abierto. Para los usuarios, ofrecemos una plataforma manejable constante que se adapta a una amplia variedad de implementaciones. Para las comunidades de c\u00f3digo abierto, ofrecemos una s\u00f3lida base, predecible a construir sobre, junto con amplios recursos para construir, probar, liberaci\u00f3n, y mantener su c\u00f3digo.\n  <\/li>\n<li>\n<h2>Servidor Web: <a style=\"color: #2f91f2;\" href=\"http:\/\/tomcat.apache.org\/index.html\">Apache\/Tomcat<\/a><\/h2>\n<p>      Apache Tomcat es una implementaci\u00f3n de c\u00f3digo abierto del software de Java Servlet y JavaServer Pages tecnolog\u00edas. El Servlet Java y especificaciones JavaServer Pages son desarrollados bajo el <a href=\"http:\/\/translate.googleusercontent.com\/translate_c?depth=1&amp;ei=yLP9UJW4MoiwhAfhiIHwDw&amp;hl=es&amp;prev=\/search%3Fq%3Dapache%2Btomcat%26hl%3Des%26client%3Dfirefox-a%26hs%3DFf5%26tbo%3Dd%26rls%3Dorg.mozilla:es-ES:official&amp;rurl=translate.google.com.ec&amp;sl=en&amp;u=http:\/\/jcp.org\/en\/introduction\/overview&amp;usg=ALkJrhjiY0PwPbSuIuWHl0ZszFd0VViuHg\">Java Community Process<\/a> .<br \/>\n      Apache Tomcat se desarrolla en un entorno abierto y participativo y publicado bajo la <a href=\"http:\/\/translate.googleusercontent.com\/translate_c?depth=1&amp;ei=yLP9UJW4MoiwhAfhiIHwDw&amp;hl=es&amp;prev=\/search%3Fq%3Dapache%2Btomcat%26hl%3Des%26client%3Dfirefox-a%26hs%3DFf5%26tbo%3Dd%26rls%3Dorg.mozilla:es-ES:official&amp;rurl=translate.google.com.ec&amp;sl=en&amp;u=http:\/\/www.apache.org\/licenses&amp;usg=ALkJrhjPqDu8OQDsI2UI6CmdWX4mqWcY0w\">licencia Apache versi\u00f3n 2<\/a> . Apache Tomcat tiene la intenci\u00f3n de ser una colaboraci\u00f3n de los desarrolladores mejor de su clase en todo el mundo. Te invitamos a participar en este proyecto de desarrollo abierto. Para obtener m\u00e1s informaci\u00f3n sobre c\u00f3mo participar.<br \/>\n      Apache Tomcat numerosos poderes a gran escala y misi\u00f3n cr\u00edtica de aplicaciones web a trav\u00e9s de una amplia gama de industrias y organizaciones. Algunos de estos usuarios y sus historias se encuentran en la <a href=\"http:\/\/translate.googleusercontent.com\/translate_c?depth=1&amp;ei=yLP9UJW4MoiwhAfhiIHwDw&amp;hl=es&amp;prev=\/search%3Fq%3Dapache%2Btomcat%26hl%3Des%26client%3Dfirefox-a%26hs%3DFf5%26tbo%3Dd%26rls%3Dorg.mozilla:es-ES:official&amp;rurl=translate.google.com.ec&amp;sl=en&amp;u=http:\/\/wiki.apache.org\/tomcat\/PoweredBy&amp;usg=ALkJrhhObIHCsygwkFWu12OLrvC_siW1Fg\">PoweredBy<\/a> p\u00e1gina wiki.<br \/>\n      Apache Tomcat, Tomcat, Apache, Apache la pluma y el logotipo de Apache Tomcat proyecto son marcas registradas de la Fundaci\u00f3n de Software Apache.\n  <\/li>\n<li>\n<h2>Servidor OGC: <a style=\"color: #2f91f2;\" href=\"http:\/\/geoserver.org\/\">Geoserver (Motor de Servicio de mapas y coberturas)<\/a><\/h2>\n<p>    GeoServer  es un software de c\u00f3digo abierto desarrollado en Java y permite a los usuarios compartir y editar datos geoespaciales. Publica los datos de cualquier fuente de datos espaciales con est\u00e1ndares abiertos. Geoserver es desarrollado, probado y soportado por un grupo diverso de organizaciones y personas desarrolladoras a nivel mundial. Es un software que sirve como referencia de implementaci\u00f3n de los est\u00e1ndares de OGC como WMS, WFS.<br \/>\n    Geoserver es un software libre, lo que indica que es muy baja la barrera de costos en comparaci\u00f3n con productos SIG tradicionales comerciales. Adicionalmente, es de c\u00f3digo abierto, de manera que todos los componentes de mejoramiento y soluci\u00f3n de bugs en la comunidad de c\u00f3digo abierto de Geoserver son mejorados con rapidez cuando se comparan con otras soluciones inform\u00e1ticas en el mundo.\n  <\/li>\n<li>\n<h2>Servidor OGC: <a style=\"color: #2f91f2;\" href=\"http:\/\/geonetwork-opensource.org\/\">Geonetwork (metadatos)<\/a><\/h2>\n<p>      GeoNetwork es una aplicaci\u00f3n de cat\u00e1logo para gestionar recursos referenciados espacialmente. Proporciona potentes funciones de edici\u00f3n y b\u00fasqueda de metadatos, as\u00ed como un visor de mapas web interactivo. Actualmente se utiliza en numerosas iniciativas de infraestructura de datos espaciales en todo el mundo.\n  <\/li>\n<li>\n<h2>Base de Datos: <a style=\"color: #2f91f2;\" href=\"http:\/\/www.postgresql.org\/\">Postgres Modulo espacial: Postgis<\/a><\/h2>\n<p>      PostgreSQL es un Sistema de gesti\u00f3n de bases de datos relacional orientado a objetos y libre. Como muchos otros proyectos de c\u00f3digo abierto, el desarrollo de PostgreSQL es manejado por la comunidad denominada el PGDG (PostgreSQL Global Development Group) de desarrolladores que trabajan de forma desinteresada, altruista, libre o apoyados por organizaciones comerciales.\n  <\/li>\n<li>\n<h2>Visor Geogr\u00e1fico en la web: <a style=\"color: #2f91f2;\" href=\"http:\/\/www.getmap.eu\/en\/\">TerriaJS<\/a><\/h2>\n<p>      TerriaJS es una soluci\u00f3n innovadora de c\u00f3digo abierto que permite a los editores obtener de forma eficiente sus datos espaciales en la web.\n  <\/li>\n<li>\n<h2>API de Programaci\u00f3n Web Geogr\u00e1fica: <a style=\"color: #2f91f2;\" href=\"https:\/\/boundlessgeo.com\/2014\/07\/build-apps-with-boundless-sdk\/\">Boundless SDK(Open Geo Suit)<\/a><\/h2>\n<p>        Boundless acelera el valor que obtiene de su infraestructura geoespacial e impulsa el &#8220;poder&#8221; en su organizaci\u00f3n.\n  <\/li>\n<li>\n<h2>Sistema de gesti\u00f3n de contenidos: <a style=\"color: #2f91f2;\" href=\"http:\/\/wordpress.org\/\"> WordPress<\/a><\/h2>\n<p>      WordPress es un sistema de gesti\u00f3n de contenidos (Content Management System) una de las principales herramientas para la creaci\u00f3n de p\u00e1ginas web. Ha sido desarrollado en el lenguaje PHP para entornos que ejecuten MySQL y Apache, bajo licencia GPL y es software libre.\n  <\/li>\n<li>\n<h2>Sistema de C\u00f3digo Abierto de Informaci\u00f3n Geogr\u00e1fica: <a style=\"color: #2f91f2;\" href=\"http:\/\/www.qgis.org\/\">Quantum GIS<\/a><\/h2>\n<p>    Crea, edita, visualiza, analiza y publica informaci\u00f3n geoespacial. SIG de C\u00f3digo Abierto licenciado bajo GNU &#8211; General Public License . QGIS es un proyecto oficial de Open Source Geospatial Foundation (OSGeo).\n  <\/li>\n<li>\n<h2>Sistema de C\u00f3digo Abierto de Informaci\u00f3n Geogr\u00e1fica: <a style=\"color: #2f91f2;\" href=\"http:\/\/www.opengis.es\/\">Kosmo<\/a><\/h2>\n<p>Se trata de una herramienta capaz de visualizar y procesar datos espaciales, que se caracteriza por poseer una interfaz de usuario amigable, tener la capacidad de acceder a m\u00faltiples formatos de datos, tanto vectoriales (en fichero, SHP o DXF, o en base de datos, como PGSQL, MySQL u Oracle), como r\u00e1ster (TIFF, GeoTIFF, ECW, MrSID u otros formatos de imagen georreferenciados, como BMP, GIF, JPG, PNG), con capacidad de edici\u00f3n y, en general, ofreciendo numerosas utilidades al usuario SIG\n  <\/li>\n<li>\n<h2>Sistema de C\u00f3digo Abierto de Informaci\u00f3n Geogr\u00e1fica: <a style=\"color: #2f91f2;\" href=\"http:\/\/www.gvsig.com\/\">GvSig<\/a><\/h2>\n<p>    Programa inform\u00e1tico para el manejo de informaci\u00f3n geogr\u00e1fica con precisi\u00f3n cartogr\u00e1fica bajo licencia GNU GPL v3.<br \/>\n    Permite acceder a informaci\u00f3n vectorial y rasterizada as\u00ed como a servidores de mapas que cumplan la especificaciones del OGC.<br \/>\n    asi como la implementaci\u00f3n de servicios OGC: WMS, WFS, WCS, WMTS,Servicio de Cat\u00e1logo y Servicio de Nomencl\u00e1tor.\n  <\/li>\n<li>\n<h2>Sistema de C\u00f3digo Abierto de Informaci\u00f3n Geogr\u00e1fica: <a style=\"color: #2f91f2;\" href=\"http:\/\/udig.refractions.net\/\">uDig<\/a><\/h2>\n<p style=\"text-align: justify;\">uDig  es un software de SIG producido por una comunidad liderada por la compa\u00f1\u00eda canadiense Refractions Research. Est\u00e1 basado en la plataforma Eclipse y sus componentes SIG son desarrollados bajo c\u00f3digo abierto. A su vez, est\u00e1 escrito en Java y liberado bajo la licencia GNU General Public License.<\/p>\n<p style=\"text-align: justify;\">Su sigla representa lo siguiente: amigabilidad al usuario (User friendly), ya que provee un conjunto de gr\u00e1ficas y herramientas GIS convencionales para usuarios de otras herramientas SIG, Herramienta de Escritorio (Desktop), ya que puede correr sobre plataformas Windows, Mac OS\/X y Linux; est\u00e1 orientado a internet, ya que puede consumir servicios est\u00e1ndares de datos geogr\u00e1ficos (WMS, WFS, WCS, GeoRSS, KML, tiles, etc.) y finalmente SIG (GIS) listo para usar y brindando una herramienta de trabajo robusta para an\u00e1lisis.<\/p>\n<\/li>\n<li>\n<h2>Biblioteca JavaScript de c\u00f3digo abierto: <a style=\"color: #2f91f2;\" href=\"http:\/\/openlayers.org\/\">OpenLayers<\/a><\/h2>\n<p>Biblioteca de c\u00f3digo abierto bajo licencia BSD para mostrar mapas interactivos en los navegadores web.<br \/>\nLa API de OpenLayers permite acceder a diferentes fuentes de informaci\u00f3n cartogr\u00e1fica en la red: Web Map Services, Mapas comerciales (tipo Google Maps, Bing, Yahoo), Web Features Services, distintos formatos vectoriales, mapas de OpenStreetMap, etc.\n  <\/li>\n<\/ul>\n<p><\/body><br \/>\n\t\t\t\t<img decoding=\"async\" src=\"https:\/\/www.geoportaligm.gob.ec\/portal\/wp-content\/uploads\/2018\/09\/soft.png\" alt=\"soft\" itemprop=\"image\"  \/><br \/>\n\tEn el desarrollo del Servidor de Mapas del IGM del Ecuador  se ha utilizado software libre, siguiendo los est\u00e1ndares y normas internacionales de intercambio de informaci\u00f3n, para la aplicaci\u00f3n de servicios de mapas en la Web (WMS, WFS, WCS) que pueden ser utilizados como puerta de entrada a la informaci\u00f3n, productos y servicios que genera y presta el Instituto Geogr\u00e1fico Militar del Ecuador a la comunidad nacional e internacional.<\/p>\n","protected":false},"excerpt":{"rendered":"<p>Sistema Operativo: Centos Server El proyecto CentOS es un esfuerzo del software libre impulsado por la comunidad centrada en ofrecer un robusto ecosistema de c\u00f3digo abierto. Para los usuarios, ofrecemos una plataforma manejable constante que se adapta a una amplia variedad de implementaciones. Para las comunidades de c\u00f3digo abierto, ofrecemos una s\u00f3lida base, predecible a <a class=\"moretag\" href=\"https:\/\/www.geoportaligm.gob.ec\/portal\/index.php\/descargas\/software-de-descargas\/\">Read More &#8230;<\/a><\/p>\n","protected":false},"author":1,"featured_media":0,"parent":746,"menu_order":0,"comment_status":"closed","ping_status":"closed","template":"full-width-page.php","meta":[],"_links":{"self":[{"href":"https:\/\/www.geoportaligm.gob.ec\/portal\/index.php\/wp-json\/wp\/v2\/pages\/955"}],"collection":[{"href":"https:\/\/www.geoportaligm.gob.ec\/portal\/index.php\/wp-json\/wp\/v2\/pages"}],"about":[{"href":"https:\/\/www.geoportaligm.gob.ec\/portal\/index.php\/wp-json\/wp\/v2\/types\/page"}],"author":[{"embeddable":true,"href":"https:\/\/www.geoportaligm.gob.ec\/portal\/index.php\/wp-json\/wp\/v2\/users\/1"}],"replies":[{"embeddable":true,"href":"https:\/\/www.geoportaligm.gob.ec\/portal\/index.php\/wp-json\/wp\/v2\/comments?post=955"}],"version-history":[{"count":0,"href":"https:\/\/www.geoportaligm.gob.ec\/portal\/index.php\/wp-json\/wp\/v2\/pages\/955\/revisions"}],"up":[{"embeddable":true,"href":"https:\/\/www.geoportaligm.gob.ec\/portal\/index.php\/wp-json\/wp\/v2\/pages\/746"}],"wp:attachment":[{"href":"https:\/\/www.geoportaligm.gob.ec\/portal\/index.php\/wp-json\/wp\/v2\/media?parent=955"}],"curies":[{"name":"wp","href":"https:\/\/api.w.org\/{rel}","templated":true}]}}