{"id":697,"date":"2017-04-18T21:55:52","date_gmt":"2017-04-19T02:55:52","guid":{"rendered":"http:\/\/192.168.4.97\/portal\/?page_id=697"},"modified":"2022-04-20T15:18:49","modified_gmt":"2022-04-20T20:18:49","slug":"atlas-electronico-ambiental","status":"publish","type":"page","link":"https:\/\/www.geoportaligm.gob.ec\/portal\/index.php\/atlas-electronico-ambiental\/","title":{"rendered":"Atlas Electr\u00f3nico Ambiental"},"content":{"rendered":"<p><strong>Pre-requisito:<\/strong><\/p>\n<p>Para visualizar el aplicativo, por favor realizar los siguientes pasos:<\/p>\n<ol>\n<li>En caso de ser requerido, descargar Java 7 o menor para Windows y proceder a instalarlo. Descargarlo desde el siguiente link.<\/li>\n<li>Descargar el Aplicativo del Atlas Electr\u00f3nico Ambiental y Proceder a instalarlo.<\/li>\n<\/ol>\n<p>Favor cualquier sugerencia u observaci\u00f3n, remitir a los siguientes correos electr\u00f3nicos:<\/p>\n<ul>\n<li><em>Ing. Martha Villagomez: <\/em><strong>martha.villagomez@geograficomilitar.gob.ec<\/strong><\/li>\n<li><em>Geog. Rosa Cuesta: <\/em><strong>rosa.cuesta@geograficomilitar.gob.ec<\/strong><\/li>\n<\/ul>\n<h2 style=\"text-align: center;\"><strong>Atlas Electr\u00f3nico Geogr\u00e1fico Ambiental de la Rep\u00fablica del Ecuador, biling\u00fce espa\u00f1ol \u2013 kichwa, versi\u00f3n 1.1, versi\u00f3n Febrero 2015<\/strong><\/h2>\n<p>Aplicaci\u00f3n de escritorio para la descarga.<\/p>\n<p>Es un atlas electr\u00f3nico que integra, de manera sencilla los datos geogr\u00e1ficos, documentos, im\u00e1genes y estad\u00edsticas en forma de un atlas multimedia, a manera de un efectivo Sistema de Informaci\u00f3n Geogr\u00e1fica preconfigurado y orientado a brindar facilidades de manejo y consulta al usuario final. La informaci\u00f3n registrada est\u00e1 encaminada espec\u00edficamente a un diagn\u00f3stico de tipo inventario del ambiente natural, del ambiente de los recursos naturales; y, del ambiente humano del pa\u00eds.<\/p>\n<p><em>Kay kamuka, mana pankapi killkashkachu kan; kay kamuka antanikipi rikunami kan; kay kamupika yachaykuna, shuyukuna, yupakunami tiyan; pankalla kati kati all\u00ed rikunallami kan. Kay willaykunaka tukuylla killkashkakuna \u00f1a imashina wakichisrishpa rishka, shukllapi tantachishkata rikuchin; kay killkashkakunaka allpa mama imashina kakta, allpa mamapi imakunalla tiyakta, shinallatak runakuna imashina kay allpa mamapi kawsakukkunata rickuchin.<\/em><\/p>\n<p>Elaborado en convenio de participaci\u00f3n t\u00e9cnica entre el Instituto Geogr\u00e1fico Militar y el Ministerio del Ambiente, a\u00f1o 2013-2014, traducci\u00f3n al kichwa Ministerio de Educaci\u00f3n, Direcci\u00f3n Nacional de Educaci\u00f3n Intercultural Biling\u00fce, a\u00f1o 2015.<\/p>\n<p>\t\t\t\t<img decoding=\"async\" src=\"https:\/\/www.geoportaligm.gob.ec\/portal\/wp-content\/uploads\/2017\/04\/ATLAS_AMBIENTAL-300x300.png\" alt=\"ATLAS_AMBIENTAL\" itemprop=\"image\"  \/><\/p>\n<p><!--<\/p>\n\n\n\n\n<p style=\"text-align: center;\">[wpfilebase tag=file id=183 \/]<\/p>\n\n\n\n\n<p style=\"text-align: center;\">[wpdm_package id='5600']<\/p>\n\n\n\n\n<p>--><\/p>\n<p>Informaci\u00f3n que integra de manera sencilla los datos geogr\u00e1ficos, im\u00e1genes, y estad\u00edsticas geogr\u00e1ficas.<\/p>\n<p><a href=\"https:\/\/www.geoportaligm.gob.ec\/terria#atlas_ambiental&#038;map=2d\/\">Dar click Aqu\u00ed<\/a><\/p>\n","protected":false},"excerpt":{"rendered":"<p>Pre-requisito: Para visualizar el aplicativo, por favor realizar los siguientes pasos: En caso de ser requerido, descargar Java 7 o menor para Windows y proceder a instalarlo. Descargarlo desde el siguiente link. Descargar el Aplicativo del Atlas Electr\u00f3nico Ambiental y Proceder a instalarlo. Favor cualquier sugerencia u observaci\u00f3n, remitir a los siguientes correos electr\u00f3nicos: Ing. <a class=\"moretag\" href=\"https:\/\/www.geoportaligm.gob.ec\/portal\/index.php\/atlas-electronico-ambiental\/\">Read More &#8230;<\/a><\/p>\n","protected":false},"author":1,"featured_media":0,"parent":0,"menu_order":0,"comment_status":"closed","ping_status":"closed","template":"full-width-page.php","meta":[],"_links":{"self":[{"href":"https:\/\/www.geoportaligm.gob.ec\/portal\/index.php\/wp-json\/wp\/v2\/pages\/697"}],"collection":[{"href":"https:\/\/www.geoportaligm.gob.ec\/portal\/index.php\/wp-json\/wp\/v2\/pages"}],"about":[{"href":"https:\/\/www.geoportaligm.gob.ec\/portal\/index.php\/wp-json\/wp\/v2\/types\/page"}],"author":[{"embeddable":true,"href":"https:\/\/www.geoportaligm.gob.ec\/portal\/index.php\/wp-json\/wp\/v2\/users\/1"}],"replies":[{"embeddable":true,"href":"https:\/\/www.geoportaligm.gob.ec\/portal\/index.php\/wp-json\/wp\/v2\/comments?post=697"}],"version-history":[{"count":2,"href":"https:\/\/www.geoportaligm.gob.ec\/portal\/index.php\/wp-json\/wp\/v2\/pages\/697\/revisions"}],"predecessor-version":[{"id":5603,"href":"https:\/\/www.geoportaligm.gob.ec\/portal\/index.php\/wp-json\/wp\/v2\/pages\/697\/revisions\/5603"}],"wp:attachment":[{"href":"https:\/\/www.geoportaligm.gob.ec\/portal\/index.php\/wp-json\/wp\/v2\/media?parent=697"}],"curies":[{"name":"wp","href":"https:\/\/api.w.org\/{rel}","templated":true}]}}