{"id":672,"date":"2017-04-17T19:25:55","date_gmt":"2017-04-18T00:25:55","guid":{"rendered":"http:\/\/192.168.4.97\/portal\/?page_id=672"},"modified":"2026-04-02T15:20:16","modified_gmt":"2026-04-02T20:20:16","slug":"planos-de-ciudades","status":"publish","type":"page","link":"https:\/\/www.geoportaligm.gob.ec\/portal\/index.php\/descargas\/geoinformacion\/planos-de-ciudades\/","title":{"rendered":"Planos de Ciudades"},"content":{"rendered":"<h2 style=\"border: 2px solid Tomato;\"><center><br \/>\nMAPAS PARA LA DESCARGA<\/center><\/h2>\n<p>\t<!DOCTYPE html><br \/>\n<html><br \/>\n    <title><\/title><br \/>\n    <meta name=\"viewport\" content=\"width=device-width, initial-scale=1\">\n    <link rel=\"stylesheet\" href=\"https:\/\/www.w3schools.com\/w3css\/4\/w3.css\">\n    <body><\/p>\n<h1><\/h1>\n<p>            <center><\/p>\n<h2>Planos de Ciudades<\/h2>\n<p><\/center><\/p>\n<p>En apoyo al desarrollo regional del pa\u00eds, se publica cartograf\u00eda a escala 1:250.000 y mayores: mapas provinciales y planos de ciudades, los mismos que poseen diferentes aplicaciones dentro del \u00e1mbito geogr\u00e1fico.\n <\/p>\n<p>    <\/body><br \/>\n<\/html><br \/>\n\t <head><br \/>\n    <meta charset=\"utf-8\"\/><br \/>\n    <meta name=\"viewport\" content=\"width=device-width, user-scalable=no, initial-scale=1.0, minimun-scale=1.0\"\/><br \/>\n    <title><\/title><\/p>\n<style>\n        * {\n  box-sizing: border-box;\n   }\nbody {\n  margin: 0;\n  font-family: sans-serif;\n  color: #333;\n   }\nh1 {\n  text-align: center;\n  color: #000;\n}\n.table-rwd {\n  font-size: .85em;\n  border: 1px solid rgba(181, 213, 144, 0.5);\n  color: #666;\n  border-collapse: collapse;\n  margin-left: auto;\n  margin-right: auto;\n   }\n  .table-rwd td, .table-rwd th {\n    padding: .8em;\n    border-bottom: 1px solid rgba(181, 213, 144, 0.5);\n     }\n  .table-rwd th {\n    background: #8bb74e;\n    color: #fff;\n    font-weight: normal;\n    text-align: center;\n  }\n  .table-rwd td {\n    text-align: center; \n  }\n    \/*.table-rwd td:before {\n      color: #1A8CFF; }\n    .table-rwd td:after {\n       }*\/\n    .table-rwd td:first-of-type {\n      text-align: center;\n      padding: .8em;\n    border-bottom: 1px solid rgba(181, 213, 144, 0.5);\n       }\n      \/*.table-rwd td:first-of-type:before {\n         }\n      .table-rwd td:first-of-type:after {\n         }*\/\n  .table-rwd tr:hover {\n    background: rgba(181, 213, 144, 0.5); }\n  .table-rwd tr td:nth-child(2n) {\n    background: rgba(181, 213, 144, 0.5); }\n.table-container {\n  overflow-x: auto; \n}\n.table-rwd {\n  min-width: 900px; }\n  .table-rwd td:first-child {\n    position: static;\n    background: #fff;\n    width: auto;\n    }\n  .table-rwd th:first-child {\n    width: 45%;\n     }\n  .table-rwd tr:hover td:first-child {\n    background: #8bb74e;\n    color: #fff; }\n    <\/style>\n<p>  <\/head><br \/>\n  <body><\/p>\n<table>\n<tr>\n<th ><\/th>\n<th>FORMATO<\/th>\n<th>A\u00d1O<\/th>\n<th>TAMA\u00d1O<\/th>\n<th><\/th>\n<th>DESCARGAR<\/th>\n<\/tr>\n<tr>\n<td>Plano de la Ciudad de Quito<\/td>\n<td>JPG<\/td>\n<td>2009<\/td>\n<td>79.4 MiB<\/td>\n<td>Escala 1:20.000<\/td>\n<td><a target=\"_blank\" tabindex=\"-1\" href=\"https:\/\/www.geoportaligm.gob.ec\/portal\/?wpfb_dl=102\" rel=\"noopener\"><img decoding=\"async\" loading=\"lazy\" src=\"https:\/\/www.geoportaligm.gob.ec\/portal\/wp-content\/uploads\/2017\/05\/descargas.png\" width=\"25px\" height=\"25px\" align=\"center\"><\/a><\/td>\n<\/tr>\n<tr>\n<td>Plano de la Ciudad de Quito<\/td>\n<td>JPG<\/td>\n<td>2020<\/td>\n<td>254 MiB<\/td>\n<td>Escala 1:20.000<\/td>\n<td><a target=\"_blank\" tabindex=\"-1\" href=\"https:\/\/www.geoportaligm.gob.ec\/portal\/?wpfb_dl=1223\" rel=\"noopener\"><img decoding=\"async\" loading=\"lazy\" src=\"https:\/\/www.geoportaligm.gob.ec\/portal\/wp-content\/uploads\/2017\/05\/descargas.png\" width=\"25px\" height=\"25px\" align=\"center\"><\/a><\/td>\n<\/tr>\n<tr>\n<td>Plano de la Ciudad de Guayaquil<\/td>\n<td>JPG<\/td>\n<td>2011<\/td>\n<td>41.6 MiB<\/td>\n<td>Escala 1:18.000<\/td>\n<td><a target=\"_blank\" tabindex=\"-1\" href=\"https:\/\/www.geoportaligm.gob.ec\/portal\/?wpfb_dl=128\" rel=\"noopener\"><img decoding=\"async\" loading=\"lazy\" src=\"https:\/\/www.geoportaligm.gob.ec\/portal\/wp-content\/uploads\/2017\/05\/descargas.png\" width=\"25px\" height=\"25px\" align=\"center\"><\/a><\/td>\n<\/tr>\n<tr>\n<td>Plano Guia de la Ciudad de Guayaquil<\/td>\n<td>PDF<\/td>\n<td>2011<\/td>\n<td>30.1 MiB<\/td>\n<td><\/td>\n<td><a target=\"_blank\" tabindex=\"-1\" href=\"https:\/\/www.geoportaligm.gob.ec\/portal\/?wpfb_dl=75\" rel=\"noopener\"><img decoding=\"async\" loading=\"lazy\" src=\"https:\/\/www.geoportaligm.gob.ec\/portal\/wp-content\/uploads\/2017\/05\/descargas.png\" width=\"25px\" height=\"25px\" align=\"center\"><\/a><\/td>\n<\/tr>\n<\/table>\n<p><\/p>\n<table>\n<tr>\n<th><a target=\"_blank\" tabindex=\"-1\" href=\"https:\/\/www.geoportaligm.gob.ec\/portal\/index.php\/descargas\/geoinformacion\/cartografia-turistica\" rel=\"noopener\"><\/p>\n<p>Mapa Vial del Ecuador<\/p>\n<p><\/a><\/th>\n<th><a target=\"_blank\" tabindex=\"-1\" href=\"https:\/\/www.geoportaligm.gob.ec\/portal\/index.php\/descargas\/geoinformacion\/mapas-tematicos-provinciales\" rel=\"noopener\"><\/p>\n<p>Mapas Tem\u00e1ticos Provinciales<\/p>\n<p><\/a><\/th>\n<th><a target=\"_blank\" tabindex=\"-1\" href=\"https:\/\/www.geoportaligm.gob.ec\/portal\/index.php\/descargas\/geoinformacion\" rel=\"noopener\"><\/p>\n<p>Mapas Oficiales<\/p>\n<p><\/a><\/th>\n<\/tr>\n<\/table>\n<p>  <\/body><\/p>\n","protected":false},"excerpt":{"rendered":"<p>MAPAS PARA LA DESCARGA Planos de Ciudades En apoyo al desarrollo regional del pa\u00eds, se publica cartograf\u00eda a escala 1:250.000 y mayores: mapas provinciales y planos de ciudades, los mismos que poseen diferentes aplicaciones dentro del \u00e1mbito geogr\u00e1fico. FORMATO A\u00d1O TAMA\u00d1O DESCARGAR Plano de la Ciudad de Quito JPG 2009 79.4 MiB Escala 1:20.000 Plano <a class=\"moretag\" href=\"https:\/\/www.geoportaligm.gob.ec\/portal\/index.php\/descargas\/geoinformacion\/planos-de-ciudades\/\">Read More &#8230;<\/a><\/p>\n","protected":false},"author":1,"featured_media":0,"parent":666,"menu_order":0,"comment_status":"closed","ping_status":"closed","template":"full-width-page.php","meta":[],"_links":{"self":[{"href":"https:\/\/www.geoportaligm.gob.ec\/portal\/index.php\/wp-json\/wp\/v2\/pages\/672"}],"collection":[{"href":"https:\/\/www.geoportaligm.gob.ec\/portal\/index.php\/wp-json\/wp\/v2\/pages"}],"about":[{"href":"https:\/\/www.geoportaligm.gob.ec\/portal\/index.php\/wp-json\/wp\/v2\/types\/page"}],"author":[{"embeddable":true,"href":"https:\/\/www.geoportaligm.gob.ec\/portal\/index.php\/wp-json\/wp\/v2\/users\/1"}],"replies":[{"embeddable":true,"href":"https:\/\/www.geoportaligm.gob.ec\/portal\/index.php\/wp-json\/wp\/v2\/comments?post=672"}],"version-history":[{"count":2,"href":"https:\/\/www.geoportaligm.gob.ec\/portal\/index.php\/wp-json\/wp\/v2\/pages\/672\/revisions"}],"predecessor-version":[{"id":6068,"href":"https:\/\/www.geoportaligm.gob.ec\/portal\/index.php\/wp-json\/wp\/v2\/pages\/672\/revisions\/6068"}],"up":[{"embeddable":true,"href":"https:\/\/www.geoportaligm.gob.ec\/portal\/index.php\/wp-json\/wp\/v2\/pages\/666"}],"wp:attachment":[{"href":"https:\/\/www.geoportaligm.gob.ec\/portal\/index.php\/wp-json\/wp\/v2\/media?parent=672"}],"curies":[{"name":"wp","href":"https:\/\/api.w.org\/{rel}","templated":true}]}}