{"id":668,"date":"2017-04-17T19:23:17","date_gmt":"2017-04-18T00:23:17","guid":{"rendered":"http:\/\/192.168.4.97\/portal\/?page_id=668"},"modified":"2019-07-08T11:21:12","modified_gmt":"2019-07-08T16:21:12","slug":"cartografia-turistica","status":"publish","type":"page","link":"https:\/\/www.geoportaligm.gob.ec\/portal\/index.php\/descargas\/geoinformacion\/cartografia-turistica\/","title":{"rendered":"Cartograf\u00eda Tur\u00edstica"},"content":{"rendered":"<br \/>\n<h2 style=\"border: 2px solid Tomato;\"><center><br \/>\nMAPAS PARA LA DESCARGA<\/center><\/h2>\n<p>\t<!DOCTYPE html><br \/>\n<html><br \/>\n    <title><\/title><br \/>\n    <meta name=\"viewport\" content=\"width=device-width, initial-scale=1\">\n    <link rel=\"stylesheet\" href=\"https:\/\/www.w3schools.com\/w3css\/4\/w3.css\">\n    <body><\/p>\n<h1><\/h1>\n<p>            <center><\/p>\n<h2>Cartograf\u00eda Tur\u00edstica<\/h2>\n<p><\/center><\/p>\n<p>\n En estos documentos se representan los sitios de inter\u00e9s tur\u00edstico y de servicios, agrup\u00e1ndolos por su escala, desde un nivel general hasta llegar a un nivel local.<\/p>\n<p>    <\/body><br \/>\n<\/html><br \/>\n\t <meta charset=\"utf-8\"\/><br \/>\n    <meta name=\"viewport\" content=\"width=device-width, user-scalable=no, initial-scale=1.0, minimun-scale=1.0\"\/><br \/>\n    <title><\/title><\/p>\n<style>\n        * {\n  box-sizing: border-box;\n   }\nbody {\n  margin: 0;\n  font-family: sans-serif;\n  color: #333;\n   }\nh1 {\n  text-align: center;\n  color: #000;\n}\n.table-rwd {\n  font-size: .85em;\n  border: 1px solid rgba(181, 213, 144, 0.5);\n  color: #666;\n  border-collapse: collapse;\n  margin-left: auto;\n  margin-right: auto;\n   }\n  .table-rwd td, .table-rwd th {\n    padding: .8em;\n    border-bottom: 1px solid rgba(181, 213, 144, 0.5);\n     }\n  .table-rwd th {\n    background: #8bb74e;\n    color: #fff;\n    font-weight: normal;\n    text-align: center;\n  }\n  .table-rwd td {\n    text-align: center; \n  }\n    \/*.table-rwd td:before {\n      color: #1A8CFF; }\n    .table-rwd td:after {\n       }*\/\n    .table-rwd td:first-of-type {\n      text-align: center;\n      padding: .8em;\n    border-bottom: 1px solid rgba(181, 213, 144, 0.5);\n       }\n      \/*.table-rwd td:first-of-type:before {\n         }\n      .table-rwd td:first-of-type:after {\n         }*\/\n  .table-rwd tr:hover {\n    background: rgba(181, 213, 144, 0.5); }\n  .table-rwd tr td:nth-child(2n) {\n    background: rgba(181, 213, 144, 0.5); }\n.table-container {\n  overflow-x: auto; \n}\n.table-rwd {\n  min-width: 900px; }\n  .table-rwd td:first-child {\n    position: static;\n    background: #fff;\n    width: auto;\n    }\n  .table-rwd th:first-child {\n    width: 45%;\n     }\n  .table-rwd tr:hover td:first-child {\n    background: #8bb74e;\n    color: #fff; }\n    <\/style>\n<p>  <\/head><br \/>\n  <body><\/p>\n<table>\n<tr>\n<th ><\/th>\n<th>FORMATO<\/th>\n<th>A\u00d1O<\/th>\n<th>TAMA\u00d1O<\/th>\n<th><\/th>\n<th>DESCARGAR<\/th>\n<\/tr>\n<tr>\n<td>Mapa Vial del Ecuador<\/td>\n<td>JPG<\/td>\n<td>2009<\/td>\n<td>17.2 MiB<\/td>\n<td>Escala 1:1.000.000<\/td>\n<td><a target=\"_blank\" tabindex=\"-1\" href=\"https:\/\/www.geoportaligm.gob.ec\/portal\/?wpfb_dl=101\"><img decoding=\"async\" loading=\"lazy\" src=\"https:\/\/www.geoportaligm.gob.ec\/portal\/wp-content\/uploads\/2017\/05\/descargas.png\" width=\"25px\" height=\"25px\" align=\"center\"><\/a><\/td>\n<\/tr>\n<\/table>\n<p><\/p>\n<table>\n<tr>\n<th><a target=\"_blank\" tabindex=\"-1\" href=\"https:\/\/www.geoportaligm.gob.ec\/portal\/index.php\/descargas\/geoinformacion\/mapas-tematicos-provinciales\"><\/p>\n<p>Mapas Tem\u00e1ticos Provinciales<\/p>\n<p><\/a><\/th>\n<th><a target=\"_blank\" tabindex=\"-1\" href=\"https:\/\/www.geoportaligm.gob.ec\/portal\/index.php\/descargas\/geoinformacion\/planos-de-ciudades\"><\/p>\n<p>Planos de Ciudades<\/p>\n<p><\/a><\/th>\n<th><a target=\"_blank\" tabindex=\"-1\" href=\"https:\/\/www.geoportaligm.gob.ec\/portal\/index.php\/descargas\/geoinformacion\"><\/p>\n<p>Mapas Oficiales<\/p>\n<p><\/a><\/th>\n<\/tr>\n<\/table>\n<p>  <\/body><\/p>\n","protected":false},"excerpt":{"rendered":"<p>MAPAS PARA LA DESCARGA Cartograf\u00eda Tur\u00edstica En estos documentos se representan los sitios de inter\u00e9s tur\u00edstico y de servicios, agrup\u00e1ndolos por su escala, desde un nivel general hasta llegar a un nivel local. FORMATO A\u00d1O TAMA\u00d1O DESCARGAR Mapa Vial del Ecuador JPG 2009 17.2 MiB Escala 1:1.000.000 Mapas Tem\u00e1ticos Provinciales Planos de Ciudades Mapas Oficiales<\/p>\n","protected":false},"author":1,"featured_media":0,"parent":666,"menu_order":0,"comment_status":"closed","ping_status":"closed","template":"full-width-page.php","meta":[],"_links":{"self":[{"href":"https:\/\/www.geoportaligm.gob.ec\/portal\/index.php\/wp-json\/wp\/v2\/pages\/668"}],"collection":[{"href":"https:\/\/www.geoportaligm.gob.ec\/portal\/index.php\/wp-json\/wp\/v2\/pages"}],"about":[{"href":"https:\/\/www.geoportaligm.gob.ec\/portal\/index.php\/wp-json\/wp\/v2\/types\/page"}],"author":[{"embeddable":true,"href":"https:\/\/www.geoportaligm.gob.ec\/portal\/index.php\/wp-json\/wp\/v2\/users\/1"}],"replies":[{"embeddable":true,"href":"https:\/\/www.geoportaligm.gob.ec\/portal\/index.php\/wp-json\/wp\/v2\/comments?post=668"}],"version-history":[{"count":0,"href":"https:\/\/www.geoportaligm.gob.ec\/portal\/index.php\/wp-json\/wp\/v2\/pages\/668\/revisions"}],"up":[{"embeddable":true,"href":"https:\/\/www.geoportaligm.gob.ec\/portal\/index.php\/wp-json\/wp\/v2\/pages\/666"}],"wp:attachment":[{"href":"https:\/\/www.geoportaligm.gob.ec\/portal\/index.php\/wp-json\/wp\/v2\/media?parent=668"}],"curies":[{"name":"wp","href":"https:\/\/api.w.org\/{rel}","templated":true}]}}