{"id":64,"date":"2016-03-23T16:30:01","date_gmt":"2016-03-23T21:30:01","guid":{"rendered":"http:\/\/192.168.4.97\/portal\/?page_id=64"},"modified":"2021-05-28T19:31:35","modified_gmt":"2021-05-29T00:31:35","slug":"descarga-de-servicios-wmts-del-igm","status":"publish","type":"page","link":"https:\/\/www.geoportaligm.gob.ec\/portal\/index.php\/descarga-de-servicios-wmts-del-igm\/","title":{"rendered":"Descarga de Servicios WMTS del IGM"},"content":{"rendered":"<h2><\/h2>\n<h2>DESCARGAS DE SERVICIOS WMTS DEL IGM<\/h2>\n<p>\t<!DOCTYPE html><br \/>\n<html><br \/>\n<body><\/p>\n<table border=\"1\" style=\"width:100%\">\n<tr>\n<td><div class=\"wpfilebase-attachment\">\r\n <div class=\"wpfilebase-fileicon\"><a href=\"https:\/\/www.geoportaligm.gob.ec\/portal\/?wpfb_dl=151\" title=\"Download Servicio WMTS 1:250.000\"><img align=\"middle\" src=\"https:\/\/www.geoportaligm.gob.ec\/portal\/wp-includes\/images\/crystal\/text.png\" alt=\"Servicio WMTS 1:250.000\" \/><\/a><\/div>\r\n <div class=\"wpfilebase-rightcol\">\r\n  <div class=\"wpfilebase-filetitle\">\r\n   <a href=\"https:\/\/www.geoportaligm.gob.ec\/portal\/?wpfb_dl=151\" title=\"Download Servicio WMTS 1:250.000\">Servicio WMTS 1:250.000<\/a><br \/>\r\n   Servicios WMTS_REGIONAL.txt<br \/>\r\n   Version: 1.0.0<br \/>\r\n   \r\n  <\/div>\r\n  <div class=\"wpfilebase-filedetails\" id=\"wpfilebase-filedetails1\" style=\"display: none;\">\r\n  <p><\/p>\r\n  <table border=\"0\">\r\n   \r\n   <tr><td><strong>Autor:<\/strong><\/td><td>Gesti\u00f3n IDES<\/td><\/tr>\r\n   <tr><td><strong>Platforms:<\/strong><\/td><td>Windows 7<\/td><\/tr>\r\n   \r\n   <tr><td><strong>Category:<\/strong><\/td><td>Servicios<\/td><\/tr>\r\n   <tr><td><strong>License:<\/strong><\/td><td><a href=\"http:\/\/creativecommons.org\/licenses\/by-nc-sa\/3.0\/\" target=\"_blank\">CC Attribution-NonCommercial-ShareAlike<\/a><\/td><\/tr>\r\n   <tr><td><strong>Date:<\/strong><\/td><td>2013\/04\/11<\/td><\/tr>\r\n   \n  <\/table>\r\n  <\/div>\r\n <\/div>\r\n <div class=\"wpfilebase-fileinfo\">\r\n  334.0 B<br \/>\r\n  1300 Downloads<br \/>\r\n  <a href=\"#\" onclick=\"return wpfilebase_filedetails(1);\">Details...<\/a>\r\n <\/div>\r\n <div style=\"clear: both;\"><\/div>\r\n<\/div><\/td>\n<\/tr>\n<\/table>\n<p><\/body><br \/>\n<\/html><br \/>\n\t<!DOCTYPE html><br \/>\n<html><br \/>\n<body><\/p>\n<table border=\"1\" style=\"width:100%\">\n<tr>\n<td><div class=\"wpfilebase-attachment\">\r\n <div class=\"wpfilebase-fileicon\"><a href=\"https:\/\/www.geoportaligm.gob.ec\/portal\/?wpfb_dl=148\" title=\"Download Servicio WMTS 1:50.000\"><img align=\"middle\" src=\"https:\/\/www.geoportaligm.gob.ec\/portal\/wp-includes\/images\/crystal\/text.png\" alt=\"Servicio WMTS 1:50.000\" \/><\/a><\/div>\r\n <div class=\"wpfilebase-rightcol\">\r\n  <div class=\"wpfilebase-filetitle\">\r\n   <a href=\"https:\/\/www.geoportaligm.gob.ec\/portal\/?wpfb_dl=148\" title=\"Download Servicio WMTS 1:50.000\">Servicio WMTS 1:50.000<\/a><br \/>\r\n   Servicios WMTS_50k.txt<br \/>\r\n   Version: 1.0.0<br \/>\r\n   \r\n  <\/div>\r\n  <div class=\"wpfilebase-filedetails\" id=\"wpfilebase-filedetails2\" style=\"display: none;\">\r\n  <p><\/p>\r\n  <table border=\"0\">\r\n   \r\n   <tr><td><strong>Autor:<\/strong><\/td><td>Gesti\u00f3n IDES<\/td><\/tr>\r\n   <tr><td><strong>Platforms:<\/strong><\/td><td>Windows 7<\/td><\/tr>\r\n   \r\n   <tr><td><strong>Category:<\/strong><\/td><td>Servicios<\/td><\/tr>\r\n   <tr><td><strong>License:<\/strong><\/td><td><a href=\"http:\/\/creativecommons.org\/licenses\/by-nc-sa\/3.0\/\" target=\"_blank\">CC Attribution-NonCommercial-ShareAlike<\/a><\/td><\/tr>\r\n   <tr><td><strong>Date:<\/strong><\/td><td>2013\/04\/09<\/td><\/tr>\r\n   \n  <\/table>\r\n  <\/div>\r\n <\/div>\r\n <div class=\"wpfilebase-fileinfo\">\r\n  335.0 B<br \/>\r\n  1162 Downloads<br \/>\r\n  <a href=\"#\" onclick=\"return wpfilebase_filedetails(2);\">Details...<\/a>\r\n <\/div>\r\n <div style=\"clear: both;\"><\/div>\r\n<\/div><\/td>\n<\/tr>\n<\/table>\n<p><\/body><br \/>\n<\/html><br \/>\n\t<!DOCTYPE html><br \/>\n<html><br \/>\n<body><\/p>\n<table border=\"1\" style=\"width:100%\">\n<tr>\n<td><div class=\"wpfilebase-attachment\">\r\n <div class=\"wpfilebase-fileicon\"><a href=\"https:\/\/www.geoportaligm.gob.ec\/portal\/?wpfb_dl=153\" title=\"Download Servicio WMTS 1:25.000\"><img align=\"middle\" src=\"https:\/\/www.geoportaligm.gob.ec\/portal\/wp-includes\/images\/crystal\/text.png\" alt=\"Servicio WMTS 1:25.000\" \/><\/a><\/div>\r\n <div class=\"wpfilebase-rightcol\">\r\n  <div class=\"wpfilebase-filetitle\">\r\n   <a href=\"https:\/\/www.geoportaligm.gob.ec\/portal\/?wpfb_dl=153\" title=\"Download Servicio WMTS 1:25.000\">Servicio WMTS 1:25.000<\/a><br \/>\r\n   Servicios WMTS_25k.txt<br \/>\r\n   Version: 1.0.0<br \/>\r\n   \r\n  <\/div>\r\n  <div class=\"wpfilebase-filedetails\" id=\"wpfilebase-filedetails3\" style=\"display: none;\">\r\n  <p><\/p>\r\n  <table border=\"0\">\r\n   \r\n   <tr><td><strong>Autor:<\/strong><\/td><td>Gesti\u00f3n IDES<\/td><\/tr>\r\n   <tr><td><strong>Platforms:<\/strong><\/td><td>Windows 7<\/td><\/tr>\r\n   \r\n   <tr><td><strong>Category:<\/strong><\/td><td>Servicios<\/td><\/tr>\r\n   <tr><td><strong>License:<\/strong><\/td><td><a href=\"http:\/\/creativecommons.org\/licenses\/by-nc-sa\/3.0\/\" target=\"_blank\">CC Attribution-NonCommercial-ShareAlike<\/a><\/td><\/tr>\r\n   <tr><td><strong>Date:<\/strong><\/td><td>2013\/04\/11<\/td><\/tr>\r\n   \n  <\/table>\r\n  <\/div>\r\n <\/div>\r\n <div class=\"wpfilebase-fileinfo\">\r\n  337.0 B<br \/>\r\n  1191 Downloads<br \/>\r\n  <a href=\"#\" onclick=\"return wpfilebase_filedetails(3);\">Details...<\/a>\r\n <\/div>\r\n <div style=\"clear: both;\"><\/div>\r\n<\/div><\/td>\n<\/tr>\n<\/table>\n<p><\/body><br \/>\n<\/html><br \/>\n\t<!DOCTYPE html><br \/>\n<html><br \/>\n<body><\/p>\n<table border=\"1\" style=\"width:100%\">\n<tr>\n<td><div class=\"wpfilebase-attachment\">\r\n <div class=\"wpfilebase-fileicon\"><a href=\"https:\/\/www.geoportaligm.gob.ec\/portal\/?wpfb_dl=155\" title=\"Download Servicio WMTS DTM\"><img align=\"middle\" src=\"https:\/\/www.geoportaligm.gob.ec\/portal\/wp-includes\/images\/crystal\/text.png\" alt=\"Servicio WMTS DTM\" \/><\/a><\/div>\r\n <div class=\"wpfilebase-rightcol\">\r\n  <div class=\"wpfilebase-filetitle\">\r\n   <a href=\"https:\/\/www.geoportaligm.gob.ec\/portal\/?wpfb_dl=155\" title=\"Download Servicio WMTS DTM\">Servicio WMTS DTM<\/a><br \/>\r\n   Servicios WMTS_DTM.txt<br \/>\r\n   Version: 1.0.0<br \/>\r\n   \r\n  <\/div>\r\n  <div class=\"wpfilebase-filedetails\" id=\"wpfilebase-filedetails4\" style=\"display: none;\">\r\n  <p><\/p>\r\n  <table border=\"0\">\r\n   \r\n   <tr><td><strong>Autor:<\/strong><\/td><td>Gesti\u00f3n IDES<\/td><\/tr>\r\n   <tr><td><strong>Platforms:<\/strong><\/td><td>Windows 7<\/td><\/tr>\r\n   \r\n   <tr><td><strong>Category:<\/strong><\/td><td>Servicios<\/td><\/tr>\r\n   <tr><td><strong>License:<\/strong><\/td><td><a href=\"http:\/\/creativecommons.org\/licenses\/by-nc-sa\/3.0\/\" target=\"_blank\">CC Attribution-NonCommercial-ShareAlike<\/a><\/td><\/tr>\r\n   <tr><td><strong>Date:<\/strong><\/td><td>2013\/04\/11<\/td><\/tr>\r\n   \n  <\/table>\r\n  <\/div>\r\n <\/div>\r\n <div class=\"wpfilebase-fileinfo\">\r\n  337.0 B<br \/>\r\n  1200 Downloads<br \/>\r\n  <a href=\"#\" onclick=\"return wpfilebase_filedetails(4);\">Details...<\/a>\r\n <\/div>\r\n <div style=\"clear: both;\"><\/div>\r\n<\/div><\/td>\n<\/tr>\n<\/table>\n<p><\/body><br \/>\n<\/html><br \/>\n\t<!DOCTYPE html><br \/>\n<html><br \/>\n<body><\/p>\n<table border=\"1\" style=\"width:100%\">\n<tr>\n<td><div class=\"wpfilebase-attachment\">\r\n <div class=\"wpfilebase-fileicon\"><a href=\"https:\/\/www.geoportaligm.gob.ec\/portal\/?wpfb_dl=157\" title=\"Download Servicio WMTS Ortofotograf\u00edas\"><img align=\"middle\" src=\"https:\/\/www.geoportaligm.gob.ec\/portal\/wp-includes\/images\/crystal\/text.png\" alt=\"Servicio WMTS Ortofotograf\u00edas\" \/><\/a><\/div>\r\n <div class=\"wpfilebase-rightcol\">\r\n  <div class=\"wpfilebase-filetitle\">\r\n   <a href=\"https:\/\/www.geoportaligm.gob.ec\/portal\/?wpfb_dl=157\" title=\"Download Servicio WMTS Ortofotograf\u00edas\">Servicio WMTS Ortofotograf\u00edas<\/a><br \/>\r\n   Servicios WMTS_ORTOFOTOS.txt<br \/>\r\n   Version: 1.0.0<br \/>\r\n   \r\n  <\/div>\r\n  <div class=\"wpfilebase-filedetails\" id=\"wpfilebase-filedetails5\" style=\"display: none;\">\r\n  <p><\/p>\r\n  <table border=\"0\">\r\n   \r\n   <tr><td><strong>Autor:<\/strong><\/td><td>Gesti\u00f3n IDES<\/td><\/tr>\r\n   <tr><td><strong>Platforms:<\/strong><\/td><td>Windows 7<\/td><\/tr>\r\n   \r\n   <tr><td><strong>Category:<\/strong><\/td><td>Servicios<\/td><\/tr>\r\n   <tr><td><strong>License:<\/strong><\/td><td><a href=\"http:\/\/creativecommons.org\/licenses\/by-nc-sa\/3.0\/\" target=\"_blank\">CC Attribution-NonCommercial-ShareAlike<\/a><\/td><\/tr>\r\n   <tr><td><strong>Date:<\/strong><\/td><td>2013\/04\/11<\/td><\/tr>\r\n   \n  <\/table>\r\n  <\/div>\r\n <\/div>\r\n <div class=\"wpfilebase-fileinfo\">\r\n  330.0 B<br \/>\r\n  1579 Downloads<br \/>\r\n  <a href=\"#\" onclick=\"return wpfilebase_filedetails(5);\">Details...<\/a>\r\n <\/div>\r\n <div style=\"clear: both;\"><\/div>\r\n<\/div><\/td>\n<\/tr>\n<\/table>\n<p><\/body><br \/>\n<\/html><\/p>\n<p><center><\/p>\n<h2 style=\"background-color: dodgerblue;\">NOTA IMPORTANTE<\/h2>\n<p><\/center><\/p>\n<p style=\"text-align: center;\">Recuerde que estas direcciones no son p\u00e1ginas web. Copie y pegue la URL del servicio apropiado en su cliente WMTS. Para acceder a los manuales t\u00e9cnicos correspondientes dar<a href=\"https:\/\/www.geoportaligm.gob.ec\/portal\/index.php\/portafolio\/descarga-de-manuales-tecnicos\/\"> click aqu\u00ed.<\/a><\/p>\n","protected":false},"excerpt":{"rendered":"<p>DESCARGAS DE SERVICIOS WMTS DEL IGM NOTA IMPORTANTE Recuerde que estas direcciones no son p\u00e1ginas web. Copie y pegue la URL del servicio apropiado en su cliente WMTS. Para acceder a los manuales t\u00e9cnicos correspondientes dar click aqu\u00ed.<\/p>\n","protected":false},"author":1,"featured_media":0,"parent":0,"menu_order":0,"comment_status":"closed","ping_status":"closed","template":"full-width-page.php","meta":[],"_links":{"self":[{"href":"https:\/\/www.geoportaligm.gob.ec\/portal\/index.php\/wp-json\/wp\/v2\/pages\/64"}],"collection":[{"href":"https:\/\/www.geoportaligm.gob.ec\/portal\/index.php\/wp-json\/wp\/v2\/pages"}],"about":[{"href":"https:\/\/www.geoportaligm.gob.ec\/portal\/index.php\/wp-json\/wp\/v2\/types\/page"}],"author":[{"embeddable":true,"href":"https:\/\/www.geoportaligm.gob.ec\/portal\/index.php\/wp-json\/wp\/v2\/users\/1"}],"replies":[{"embeddable":true,"href":"https:\/\/www.geoportaligm.gob.ec\/portal\/index.php\/wp-json\/wp\/v2\/comments?post=64"}],"version-history":[{"count":2,"href":"https:\/\/www.geoportaligm.gob.ec\/portal\/index.php\/wp-json\/wp\/v2\/pages\/64\/revisions"}],"predecessor-version":[{"id":5237,"href":"https:\/\/www.geoportaligm.gob.ec\/portal\/index.php\/wp-json\/wp\/v2\/pages\/64\/revisions\/5237"}],"wp:attachment":[{"href":"https:\/\/www.geoportaligm.gob.ec\/portal\/index.php\/wp-json\/wp\/v2\/media?parent=64"}],"curies":[{"name":"wp","href":"https:\/\/api.w.org\/{rel}","templated":true}]}}