{"id":605,"date":"2017-04-12T10:30:46","date_gmt":"2017-04-12T15:30:46","guid":{"rendered":"http:\/\/192.168.4.97\/portal\/?page_id=605"},"modified":"2017-11-30T10:56:42","modified_gmt":"2017-11-30T15:56:42","slug":"sig","status":"publish","type":"page","link":"https:\/\/www.geoportaligm.gob.ec\/portal\/index.php\/sig\/","title":{"rendered":"sig"},"content":{"rendered":"<h2><\/h2>\n<p>\t\t\t\t<img decoding=\"async\" src=\"https:\/\/www.geoportaligm.gob.ec\/portal\/wp-content\/uploads\/2017\/11\/INFO-GEO.png\" alt=\"INFO-GEO\" itemprop=\"image\"  \/><\/p>\n<p style=\"text-align: left;\">El Instituto Geogr\u00e1fico Militar, pone a disposici\u00f3n: manuales, art\u00edculos, informes y especificaciones t\u00e9cnicas, provenientes de los proyectos que se ejecutan en el \u00e1rea, en lo relacionado a la obtenci\u00f3n y actualizaci\u00f3n por el m\u00e9todo de generalizaci\u00f3n cartogr\u00e1fica, de geoinformaci\u00f3n del pa\u00eds a diferentes escalas.<\/p>\n<p style=\"text-align: left;\">La informaci\u00f3n resultante de cada proyecto, alimenta la gran Base de Datos Cartogr\u00e1fica &#8211; Geogr\u00e1fica Oficial Nacional, en cumplimiento de nuestra misi\u00f3n y visi\u00f3n institucional; la difusi\u00f3n y divulgaci\u00f3n del c\u00f3mo se obtiene esta informaci\u00f3n, nos permite transferir el conocimiento adquirido y aplicado en la ejecuci\u00f3n de los diferentes proyectos, apoyando al Desarrollo Nacional.<\/p>\n<p>\t<head><br \/>\n    <meta charset=\"utf-8\"\/><br \/>\n    <meta name=\"viewport\" content=\"width=device-width, user-scalable=no, initial-scale=1.0, minimun-scale=1.0\"\/><br \/>\n    <title><\/title><\/p>\n<style>\n        * {\n  box-sizing: border-box;\n   }\nbody {\n  margin: 0;\n  font-family: sans-serif;\n  color: #333;\n   }\nh1 {\n  text-align: center;\n  color: #000;\n}\n.table-rwd {\n  font-size: .85em;\n  border: 1px solid rgba(181, 213, 144, 0.5);\n  color: #666;\n  border-collapse: collapse;\n  margin-left: auto;\n  margin-right: auto;\n   }\n  .table-rwd td, .table-rwd th {\n    padding: .8em;\n    border-bottom: 1px solid rgba(181, 213, 144, 0.5);\n     }\n  .table-rwd th {\n    background: #8bb74e;\n    color: #fff;\n    font-weight: normal;\n    text-align: center;\n  }\n  .table-rwd td {\n    text-align: center; \n  }\n    \/*.table-rwd td:before {\n      color: #1A8CFF; }\n    .table-rwd td:after {\n       }*\/\n    .table-rwd td:first-of-type {\n      text-align: center;\n      padding: .8em;\n    border-bottom: 1px solid rgba(181, 213, 144, 0.5);\n       }\n      \/*.table-rwd td:first-of-type:before {\n         }\n      .table-rwd td:first-of-type:after {\n         }*\/\n  .table-rwd tr:hover {\n    background: rgba(181, 213, 144, 0.5); }\n  .table-rwd tr td:nth-child(2n) {\n    background: rgba(181, 213, 144, 0.5); }\n.table-container {\n  overflow-x: auto; \n}\n.table-rwd {\n  min-width: 900px; }\n  .table-rwd td:first-child {\n    position: static;\n    background: #fff;\n    width: auto;\n    }\n  .table-rwd th:first-child {\n    width: 45%;\n     }\n  .table-rwd tr:hover td:first-child {\n    background: #8bb74e;\n    color: #fff; }\n    <\/style>\n<p>  <\/head><br \/>\n  <body><\/p>\n<table>\n<tr>\n<th>NOMBRE<\/th>\n<th>FORMATO<\/th>\n<th>A\u00d1O<\/th>\n<th>TAMA\u00d1O<\/th>\n<th>DETALLE<\/th>\n<th>DESCARGAR<\/th>\n<\/tr>\n<tr>\n<td>SIG, como soluci\u00f3n integral en la Planificaci\u00f3n<\/td>\n<td>PDF<\/td>\n<td>2008<\/td>\n<td>1.8 MiB<\/td>\n<td><\/td>\n<td><a target=\"_blank\" tabindex=\"-1\" href=\"https:\/\/www.geoportaligm.gob.ec\/portal\/?wpfb_dl=28\"><img decoding=\"async\" loading=\"lazy\" src=\"https:\/\/www.geoportaligm.gob.ec\/portal\/wp-content\/uploads\/2017\/05\/descargas.png\" width=\"25px\" height=\"25px\" align=\"center\"><\/a><\/td>\n<\/tr>\n<tr>\n<td>Metodolog\u00eda Generalizaci\u00f3n Cartogr\u00e1fica<\/td>\n<td>PDF<\/td>\n<td>2008<\/td>\n<td>140.6 MiB<\/td>\n<td>Escala 1:250.000<\/td>\n<td><a target=\"_blank\" tabindex=\"-1\" href=\"https:\/\/www.geoportaligm.gob.ec\/portal\/?wpfb_dl=55\"><img decoding=\"async\" loading=\"lazy\" src=\"https:\/\/www.geoportaligm.gob.ec\/portal\/wp-content\/uploads\/2017\/05\/descargas.png\" width=\"25px\" height=\"25px\" align=\"center\"><\/a><\/td>\n<\/tr>\n<\/table>\n<p>  <\/body><\/p>\n","protected":false},"excerpt":{"rendered":"<p>El Instituto Geogr\u00e1fico Militar, pone a disposici\u00f3n: manuales, art\u00edculos, informes y especificaciones t\u00e9cnicas, provenientes de los proyectos que se ejecutan en el \u00e1rea, en lo relacionado a la obtenci\u00f3n y actualizaci\u00f3n por el m\u00e9todo de generalizaci\u00f3n cartogr\u00e1fica, de geoinformaci\u00f3n del pa\u00eds a diferentes escalas. La informaci\u00f3n resultante de cada proyecto, alimenta la gran Base de <a class=\"moretag\" href=\"https:\/\/www.geoportaligm.gob.ec\/portal\/index.php\/sig\/\">Read More &#8230;<\/a><\/p>\n","protected":false},"author":1,"featured_media":0,"parent":0,"menu_order":0,"comment_status":"closed","ping_status":"closed","template":"full-width-page.php","meta":[],"_links":{"self":[{"href":"https:\/\/www.geoportaligm.gob.ec\/portal\/index.php\/wp-json\/wp\/v2\/pages\/605"}],"collection":[{"href":"https:\/\/www.geoportaligm.gob.ec\/portal\/index.php\/wp-json\/wp\/v2\/pages"}],"about":[{"href":"https:\/\/www.geoportaligm.gob.ec\/portal\/index.php\/wp-json\/wp\/v2\/types\/page"}],"author":[{"embeddable":true,"href":"https:\/\/www.geoportaligm.gob.ec\/portal\/index.php\/wp-json\/wp\/v2\/users\/1"}],"replies":[{"embeddable":true,"href":"https:\/\/www.geoportaligm.gob.ec\/portal\/index.php\/wp-json\/wp\/v2\/comments?post=605"}],"version-history":[{"count":1,"href":"https:\/\/www.geoportaligm.gob.ec\/portal\/index.php\/wp-json\/wp\/v2\/pages\/605\/revisions"}],"predecessor-version":[{"id":4299,"href":"https:\/\/www.geoportaligm.gob.ec\/portal\/index.php\/wp-json\/wp\/v2\/pages\/605\/revisions\/4299"}],"wp:attachment":[{"href":"https:\/\/www.geoportaligm.gob.ec\/portal\/index.php\/wp-json\/wp\/v2\/media?parent=605"}],"curies":[{"name":"wp","href":"https:\/\/api.w.org\/{rel}","templated":true}]}}